he remainder when 182397 is divided by 349?
219
What is the remainder when 451466 is divided by 1835?
56
Calculate the remainder when 49949 is divided by 554.
89
Calculate the remainder when 279734 is divided by 139805.
124
Calculate the remainder when 358526 is divided by 59577.
1064
Calculate the remainder when 111110 is divided by 3950.
510
What is the remainder when 3749567 is divided by 124984?
47
Calculate the remainder when 75151 is divided by 3295.
2661
What is the remainder when 19776 is divided by 8757?
2262
Calculate the remainder when 436616 is divided by 218270.
76
Calculate the remainder when 7791346 is divided by 7791330.
16
Calculate the remainder when 2410394 is divided by 113.
104
Calculate the remainder when 479986 is divided by 2759.
2679
What is the remainder when 20219217 is divided by 1381?
1377
What is the remainder when 331484 is divided by 424?
340
Calculate the remainder when 47373 is divided by 25.
23
What is the remainder when 4747438 is divided by 474741?
28
Calculate the remainder when 102099 is divided by 1230.
9
Calculate the remainder when 323585 is divided by 877.
849
Calculate the remainder when 181199 is divided by 179.
51
Calculate the remainder when 2840843 is divided by 790.
3
What is the remainder when 33358844 is divided by 3556?
8
What is the remainder when 361365597 is divided by 3400?
3397
What is the remainder when 168486 is divided by 9355?
96
What is the remainder when 38450998 is divided by 62?
24
Calculate the remainder when 282360 is divided by 39655.
4775
What is the remainder when 229052 is divided by 793?
668
What is the remainder when 51897038 is divided by 2813?
1
Calculate the remainder when 22217279 is divided by 30.
29
What is the remainder when 4909957 is divided by 323?
34
What is the remainder when 2828459 is divided by 471380?
179
What is the remainder when 4585672 is divided by 30?
22
What is the remainder when 931884 is divided by 58242?
12
Calculate the remainder when 8703139 is divided by 558.
13
Calculate the remainder when 1447633 is divided by 6702.
1
Calculate the remainder when 4222226 is divided by 19105.
21
Calculate the remainder when 11858829 is divided by 11858814.
15
Calculate the remainder when 95640 is divided by 1562.
358
Calculate the remainder when 527479607 is divided by 232.
231
Calculate the remainder when 1748029 is divided by 53.
36
Calculate the remainder when 597318 is divided by 4213.
3285
Calculate the remainder when 505649 is divided by 3951.
3872
What is the remainder when 961260 is divided by 1439?
8
Calculate the remainder when 514670 is divided by 729.
725
Calculate the remainder when 10019379 is divided by 97.
55
What is the remainder when 26429 is divided by 362?
3
What is the remainder when 1859316 is divided by 46?
42
What is the remainder when 45530779 is divided by 312?
307
What is the remainder when 53519267 is divided by 116?
115
Calculate the remainder when 4577 is divided by 1056.
353
What is the remainder when 201861188 is divided by 33643531?
2
What is the remainder when 142292 is divided by 71139?
14
What is the remainder when 2945676 is divided by 265?
201
Calculate the remainder when 3928689 is divided by 31.
28
Calculate the remainder when 41292 is divided by 517.
449
Calculate the remainder when 257435 is divided by 4920.
1595
Calculate the remainder when 111971 is divided by 2431.
145
What is the remainder when 4393635 is divided by 770?
15
What is the remainder when 29628999 is divided by 807?
801
Calculate the remainder when 336333 is divided by 335667.
666
Calculate the remainder when 5479423 is divided by 228296.
319
What is the remainder when 8255174 is divided by 69371?
25
What is the remainder when 995442 is divided by 703?
697
Calculate the remainder when 124008 is divided by 23401.
7003
What is the remainder when 7175184 is divided by 493?
62
What is the remainder when 10689997 is divided by 55?
32
Calculate the remainder when 2249829 is divided by 86529.
75
Calculate the remainder when 83907 is divided by 89.
69
What is the remainder when 3845 is divided by 2607?
1238
Calculate the remainder when 5583239 is divided by 137.
78
What is the remainder when 7958152 is divided by 139?
124
Calculate the remainder when 4415598 is divided by 1247.
1218
Calculate the remainder when 9281383 is divided by 541.
528
Calculate the remainder when 46748 is divided by 1223.
274
What is the remainder when 6367814 is divided by 530650?
14
What is the remainder when 9197648 is divided by 43?
34
Calculate the remainder when 848147 is divided by 2846.
39
What is the remainder when 4416187 is divided by 704?
699
Calculate the remainder when 29903367 is divided by 1067977.
11
What is the remainder when 61310904 is divided by 374?
336
What is the remainder when 14935179 is divided by 806?
805
What is the remainder when 99792 is divided by 32374?
2670
Calculate the remainder when 4672159 is divided by 2336072.
15
What is the remainder when 1199592 is divided by 19665?
27
What is the remainder when 3195161 is divided by 69?
47
Calculate the remainder when 3094554 is divided by 194.
60
What is the remainder when 6943006 is divided by 103?
85
Calculate the remainder when 14647870 is divided by 201.
196
Calculate the remainder when 10602068 is divided by 846.
842
Calculate the remainder when 81033182 is divided by 2221.
2218
What is the remainder when 17323 is divided by 353?
26
What is the remainder when 1200067 is divided by 46005?
3937
What is the remainder when 1226244 is divided by 3658?
814
Calculate the remainder when 4246544 is divided by 56620.
44
What is the remainder when 165475244 is divided by 184?
180
What is the remainder when 12543706 is divided by 2508740?
6
Calculate the remainder when 59981 is divided by 2838.
383
Calculate the remainder when 226509 is divided by 123.
66
What is the remainder when 3131281 is divided by 950?
81
Calculate the remainder when 202914 is divided by 33812.
42
Calculate the remainder when 35682 is divided by 2244.
2022
What is the remainder when 7154148 is divided by 2384711?
15
What is the remainder when 7167809 is divided by 207?
20
Calculate the remainder when 977749 is divided by 488863.
23
What is the remainder when 813533 is divided by 373?
20
Calculate the remainder when 4749587 is divided by 94986.
287
Calculate the remainder when 15251997 is divided by 496.
493
Calculate the remainder when 1166003 is divided by 442.
7
What is the remainder when 29733728 is divided by 1125?
1103
Calculate the remainder when 1087683 is divided by 155380.
23
Calculate the remainder when 373377 is divided by 93169.
701
Calculate the remainder when 149776658 is divided by 110.
108
Calculate the remainder when 39874281 is divided by 238.
237
Calculate the remainder when 250933 is divided by 637.
592
What is the remainder when 2615701 is divided by 2463?
2458
What is the remainder when 5336777 is divided by 70?
47
Calculate the remainder when 123139931 is divided by 61569960.
11
Calculate the remainder when 116702983 is divided by 35.
33
Calculate the remainder when 455258 is divided by 71.
6
What is the remainder when 20515292 is divided by 209?
61
Calculate the remainder when 6783290 is divided by 239.
231
What is the remainder when 40519 is divided by 13495?
34
Calculate the remainder when 479259 is divided by 119772.
171
Calculate the remainder when 5071318 is divided by 1690434.
16
Calculate the remainder when 22965395 is divided by 978.
977
What is the remainder when 75096 is divided by 2942?
1546
What is the remainder when 49212821 is divided by 17?
14
Calculate the remainder when 248031554 is divided by 15.
14
What is the remainder when 18789583 is divided by 143?
98
What is the remainder when 1029581 is divided by 281?
278
Calculate the remainder when 122987335 is divided by 1661991.
1
What is the remainder when 4358156 is divided by 1943?
7
Calculate the remainder when 21777954 is divided by 3.
0
What is the remainder when 59897 is divided by 791?
572
Calculate the remainder when 4318952 is divided by 719819.
38
Calculate the remainder when 20896296 is divided by 761.
758
What is the remainder when 21683419 is divided by 84?
79
What is the remainder when 78982 is divided by 19254?
1966
Calculate the remaind